858?
2, 29, 101
What are the prime factors of 844?
2, 211
List the prime factors of 441.
3, 7
What are the prime factors of 29211?
3, 7, 13, 107
What are the prime factors of 61746?
2, 3, 41, 251
What are the prime factors of 949?
13, 73
What are the prime factors of 4436?
2, 1109
List the prime factors of 2829.
3, 23, 41
List the prime factors of 1233.
3, 137
List the prime factors of 3983.
7, 569
What are the prime factors of 21587?
21587
What are the prime factors of 941?
941
List the prime factors of 946.
2, 11, 43
List the prime factors of 13128.
2, 3, 547
List the prime factors of 1231.
1231
List the prime factors of 579.
3, 193
What are the prime factors of 25720?
2, 5, 643
What are the prime factors of 15240?
2, 3, 5, 127
List the prime factors of 2190.
2, 3, 5, 73
What are the prime factors of 1140?
2, 3, 5, 19
What are the prime factors of 93830?
2, 5, 11, 853
What are the prime factors of 69041?
7, 1409
List the prime factors of 3820.
2, 5, 191
What are the prime factors of 709?
709
List the prime factors of 11794.
2, 5897
List the prime factors of 1167.
3, 389
What are the prime factors of 359?
359
What are the prime factors of 3807?
3, 47
List the prime factors of 9597.
3, 7, 457
List the prime factors of 59516.
2, 14879
What are the prime factors of 633?
3, 211
List the prime factors of 52888.
2, 11, 601
List the prime factors of 7117.
11, 647
List the prime factors of 67662.
2, 3, 7, 179
List the prime factors of 1937.
13, 149
List the prime factors of 3734.
2, 1867
What are the prime factors of 1712?
2, 107
List the prime factors of 7661.
47, 163
What are the prime factors of 2097?
3, 233
What are the prime factors of 45002?
2, 22501
What are the prime factors of 6233?
23, 271
List the prime factors of 833.
7, 17
What are the prime factors of 1851?
3, 617
What are the prime factors of 3269?
7, 467
List the prime factors of 58704.
2, 3, 1223
What are the prime factors of 222?
2, 3, 37
List the prime factors of 510.
2, 3, 5, 17
What are the prime factors of 195562?
2, 277, 353
What are the prime factors of 4401?
3, 163
What are the prime factors of 167289?
3, 55763
List the prime factors of 65480.
2, 5, 1637
What are the prime factors of 1326?
2, 3, 13, 17
What are the prime factors of 197?
197
List the prime factors of 39248.
2, 11, 223
List the prime factors of 2488.
2, 311
List the prime factors of 9320.
2, 5, 233
List the prime factors of 40387.
40387
List the prime factors of 7238.
2, 7, 11, 47
List the prime factors of 539.
7, 11
List the prime factors of 9358.
2, 4679
What are the prime factors of 17603?
29, 607
What are the prime factors of 108369?
3, 12041
List the prime factors of 46305.
3, 5, 7
List the prime factors of 9089.
61, 149
What are the prime factors of 16814?
2, 7, 1201
What are the prime factors of 82616?
2, 23, 449
List the prime factors of 3369.
3, 1123
List the prime factors of 137.
137
What are the prime factors of 78769?
227, 347
What are the prime factors of 56216?
2, 7027
What are the prime factors of 22171?
22171
What are the prime factors of 3573?
3, 397
What are the prime factors of 922?
2, 461
What are the prime factors of 5040?
2, 3, 5, 7
What are the prime factors of 548?
2, 137
List the prime factors of 76381.
17, 4493
What are the prime factors of 612?
2, 3, 17
What are the prime factors of 10570?
2, 5, 7, 151
What are the prime factors of 81136?
2, 11, 461
What are the prime factors of 673?
673
List the prime factors of 1380.
2, 3, 5, 23
List the prime factors of 15889.
15889
List the prime factors of 66186.
2, 3, 3677
List the prime factors of 5388.
2, 3, 449
What are the prime factors of 1483?
1483
List the prime factors of 7823.
7823
What are the prime factors of 1621?
1621
What are the prime factors of 3173?
19, 167
What are the prime factors of 136258?
2, 193, 353
List the prime factors of 10050.
2, 3, 5, 67
List the prime factors of 217.
7, 31
List the prime factors of 111006.
2, 3, 7, 881
What are the prime factors of 3890?
2, 5, 389
What are the prime factors of 1479?
3, 17, 29
What are the prime factors of 191?
191
List the prime factors of 2159.
17, 127
List the prime factors of 14114.
2, 7057
List the prime factors of 1631.
7, 233
What are the prime factors of 4439?
23, 193
List the prime factors of 3120.
2, 3, 5, 13
What are the prime factors of 103900?
2, 5, 1039
List the prime factors of 3528.
2, 3, 7
List the prime factors of 38299.
38299
List the prime factors of 813.
3, 271
What are the prime factors of 3440?
2, 5, 43
List the prime factors of 87993.
3, 3259
What are the prime factors of 778?
2, 389
What are the prime factors of 155632?
2, 71, 137
List the prime factors of 37053.
3, 23, 179
List the prime factors of 120151.
53, 2267
List the prime factors of 128327.
128327
What are the prime factors of 888?
2, 3, 37
List the prime factors of 33749.
33749
What are the prime factors of 1090?
2, 5, 109
List the prime factors of 1510.
2, 5, 151
What are the prime factors of 4752?
2, 3, 11
List the prime factors of 5202.
2, 3, 17
What are the prime factors of 103886?
2, 127, 409
What are the prime factors of 5966?
2, 19, 157
What are the prime factors of 10567?
10567
What are the prime factors of 681?
3, 227
List the prime factors of 687.
3, 229
List the prime factors of 49431.
3, 16477
What are the prime factors of 8235?
3, 5, 61
List the prime factors of 11180.
2, 5, 13, 43
What are the prime factors of 3619?
7, 11, 47
List the prime factors of 177.
3, 59
List the prime factors of 11255.
5, 2251
List the prime factors of 4737.
3, 1579
What are the prime factors of 695?
5, 139
What are the prime factors of 943?
23, 41
What are the prime factors of 1052?
2, 263
List the prime factors of 1588.
2, 397
What are the prime factors of 85?
5, 17
List the prime factors of 1149.
3, 383
What are the prime factors of 522?
2, 3, 29
What are the prime factors of 27882?
2, 3, 1549
List the prime factors of 16467.
3, 11, 499
List the prime factors of 2346.
2, 3, 17, 23
What are the prime factors of 9500?
2, 5, 19
What are the prime factors of 42977?
11, 3907
What are the prime factors of 1702?
2, 23, 37
List the prime factors of 8410.
2, 5, 29
What are the prime factors of 6355?
5, 31, 41
What are the prime factors of 1964?
2, 491
List the prime factors of 7031.
79, 89
What are the prime factors of 22217?
13, 1709
List the prime factors of 5175.
3, 5, 23
What are the prime factors of 3490?
2, 5, 349
List the prime factors of 3180.
2, 3, 5, 53
What are the prime factors of 76508?
2, 31, 617
What are the prime factors of 2919?
3, 7, 139
List the prime factors of 215.
5, 43
What are the prime factors of 17335?
5, 3467
What are the prime factors of 1422?
2, 3, 79
List the prime factors of 521.
521
List the prime factors of 1597.
1597
What are the prime factors of 5045?
5, 1009
List the prime factors of 60757.
60757
List the prime factors of 1842.
2, 3, 307
What are the prime factors of 10540?
2, 5, 17, 31
List the prime factors of 8012.
2, 2003
What are the prime factors of 95386?
2, 37, 1289
What are the prime factors of 9471?
3, 7, 11, 41
List the prime factors of 38331.
3, 4259
What are the prime factors of 297?
3, 11
List the prime factors of 62382.
2, 3, 37, 281
What are the prime factors of 1730?
2, 5, 173
List the prime factors of 1972.
2, 17, 29
What are the prime factors of 577?
577
List the prime factors of 61449.
3, 20483
What are the prime factors of 30907?
31, 997
What are the prime factors of 28332?
2, 3, 787
What are the prime factors of 1849?
43
What are the prime factors of 336?
2, 3, 7
List the prime factors of 597.
3, 199
List the prime factors of 1100.
2, 5, 11
List the prime factors of 714.
2, 3, 7, 17
What are the prime factors of 2132?
2, 13, 41
What are the prime factors of 15565?
5, 11, 283
What are the prime factors of 908?
2, 227
What are the prime factors of 2670?
2, 3, 5, 89
List the prime factors of 2055.
3, 5, 137
List the prime factors of 25332.
2, 3, 2111
List the prime factors of 19976.
2, 11, 227
List the prime factors of 702.
2, 3, 13
List the prime factors of 4522.
2, 7, 17, 19
What are the prime factors of 917?
7, 131
What are the prime factors of 131401?
101, 1301
What are the prime factors of 8966?
2, 4483
What are the prime factors of 13581?
3, 503
List